*j + 110. What is the remainder when j is divided by 360/(-48)*(-18)/5?
26
Let y = -5956 - -6651. What is the remainder when y is divided by 180?
155
Suppose -3*y + 32 = 29. Let z(s) = 31*s - 12. What is the remainder when 185 is divided by z(y)?
14
Let d = 140 + 175. Suppose 2*q + 377 = 3*f, -3*f + 4*q + 52 = -d. What is the remainder when f is divided by 34?
27
Let t be -4 - -7 - (-2 + 1*12). Suppose 6*m - 598 = -20*m. What is the remainder when (-282)/t - 16/56 is divided by m?
17
Let w(m) = 7*m - 5. Let p(s) = 8*s - 6. Let f(k) = 6*p(k) - 7*w(k). Calculate the remainder when 1/6 - (-590)/60 is divided by f(-9).
2
Suppose -5*s + 17 = -0*n + 2*n, 2*n = s - 1. Suppose 0*d - s*d + 60 = 0. Calculate the remainder when 50 is divided by d.
10
Let v = 5136 - 5058. What is the remainder when v is divided by 15 + ((-6)/2)/3?
8
Let a = 407 + -404. Suppose -2*l - a*u + 5 = 0, 4*l - 9*u = -6*u + 55. What is the remainder when 59 is divided by l?
9
Let u be (-1)/(-3) - (-900)/(-27). Calculate the remainder when (-2)/11 - 567/u is divided by 4.
1
Suppose 156 - 670 = -2*l. Calculate the remainder when l is divided by 29.
25
Suppose -z - 10 = -6. Calculate the remainder when 347 is divided by z/(-20) - 2312/(-40).
57
Suppose 17*h - 401 = 7. What is the remainder when (78/h + -3)*524 is divided by 156/7 + 4/(-14)?
21
Let n = 3709 + -3594. What is the remainder when n is divided by 51?
13
What is the remainder when 14*(1188/90 + -12)/((-3)/(-110)) is divided by 183?
67
Let u = -344 - -355. Let m(w) = 5*w**2 + 6*w. Let x(y) = 2*y - 9. Let s be x(6). What is the remainder when m(s) is divided by u?
8
Let y = -2903 + 14105. Calculate the remainder when y is divided by 26.
22
Let t = 67 + -71. Let a be t/(-22) - ((-36)/44 + 2). What is the remainder when (40 - 3)*(a - -2) is divided by 20?
17
Suppose 224 = -5*d + 1109. What is the remainder when d is divided by 178*4/8 + -2 - (250 - 253)?
87
Let c be 583/106*2/(-1). Let t = -15 - -58. Let a = t + c. What is the remainder when 93 is divided by a?
29
Suppose 2*j = t + 3 + 20, -5*j + 3*t = -60. Let g = 66 - j. Suppose 105 = 9*h - g. Calculate the remainder when 51 is divided by h.
15
Let c = 226 - 216. What is the remainder when -9 + c + 1 + 110 is divided by 59?
53
Let s = 68 + -65. Suppose -s*q + 25 + 5 = 0. What is the remainder when 127 is divided by q?
7
Suppose 193 + 259 = 4*g. Let b = g + -37. What is the remainder when b is divided by (-28)/56*44/(2*-1)?
10
Let p(u) be the first derivative of -2*u - 12 + 63*u**2 + 6*u**2 + 5*u**2. Calculate the remainder when p(1) is divided by 37.
35
Let v be (-4)/34 + (-576)/(-272). What is the remainder when 19082/49 - (6/7)/v is divided by 65?
64
Suppose 5*g - 4*w - 1729 = 0, w = 37*g - 33*g - 1381. Calculate the remainder when g is divided by 25.
20
Suppose -3*q = w - 1332, 31*w - 32*w = -q + 444. Calculate the remainder when q is divided by 30.
24
Let n be (2/(-6) + 0)*0/6. Suppose n*m - 3*m = -4*m. What is the remainder when 2 - (15/(-6))/5*m is divided by 1?
0
Suppose -185*q + 34772 + 22524 = -5789. What is the remainder when q is divided by 88?
77
Let r be 2/(-27)*-3 + (-1749)/1431. Let t(i) = -400*i**3 + 7*i + 6. What is the remainder when t(r) is divided by 101?
96
What is the remainder when 395 is divided by (418/19 - -17) + -4?
10
Let p(x) = -x**3 - 7*x**2 - 23*x - 13. What is the remainder when 132 is divided by p(-3)?
12
Suppose -27*d - 1374 = -348. What is the remainder when 275 is divided by ((-1)/2 - 1)*d?
47
Suppose -4*u + 7*u - 33 = 0. Let v = u + -9. Calculate the remainder when (7 + -6)*(v + 35) is divided by 19.
18
Suppose 16*o + 51750 = 10*o + 29*o. What is the remainder when o is divided by 23?
19
Suppose 0 = 17*t - 2332 + 156. Calculate the remainder when 2680 is divided by t.
120
Let s = 935 + -487. Let l = -405 + s. What is the remainder when l is divided by 17?
9
Suppose f + 3*f = 12, 2*z = 3*f + 153. Suppose 3*t - z = -6*t. Suppose 1 = -2*i - 3*r + 35, 0 = -3*i + r + 51. What is the remainder when i is divided by t?
8
Let a(c) = c**2 + 104*c + 2358. Calculate the remainder when 1240 is divided by a(-74).
136
Let d(z) be the first derivative of -2*z**2 - 2*z + 1. What is the remainder when (-264)/(-19) + -1 - 40/(-380) is divided by d(-1)?
1
Let m be 2/(-3)*(-27)/2. Suppose -m*h - 2 = -56. Calculate the remainder when 9 is divided by h.
3
Let u = 8009 + -7904. Calculate the remainder when 4092 is divided by u.
102
Suppose 3*k = -0*r - r + 206, 2*k = -2*r + 140. What is the remainder when k is divided by -12*(4/(-10) + 3/(-5))?
8
Let s(q) = q**2 - 4*q + 8. Let v be s(3). Suppose -v*m + 3*y + 570 = 0, 0 = -3*m + 3*y - 8*y + 376. What is the remainder when m is divided by 21?
12
Let h = -419 - -440. Calculate the remainder when 473 is divided by h.
11
Let d(t) = -8*t - 281. What is the remainder when 1119 is divided by d(-38)?
15
Let g(f) = 11*f + 32. Let s be g(-2). Calculate the remainder when 630/s - (1 - (8 + -3)) is divided by 8.
3
Suppose 0 = 2*r + 2 - 16. Let u(b) = -2*b**2 - 11*b**2 - 4*b**2 + 18*b**2 + 0*b + 15 - 14*b. Calculate the remainder when r is divided by u(13).
1
Let r(u) be the second derivative of -3*u**3/2 - 41*u**2/2 + 2*u. Calculate the remainder when 61 is divided by r(-8).
30
Suppose 8*h - 6*h + 2*m = 146, -359 = -5*h + m. What is the remainder when 388 is divided by h?
28
Let l(x) = -29*x + 176. Let w be l(6). Calculate the remainder when 28 + 8 - (-14)/w is divided by 31.
12
Suppose -10 = -2*f, -f + 2879 = -i + 2885. Let h = 143 - 100. What is the remainder when h is divided by i?
10
Let v(i) = 45*i + 111. Let m be v(15). Suppose 10*f - m - 2154 = 0. What is the remainder when f is divided by 15?
9
Let t(q) = 2*q**2 - 2. Let y be t(-4). Let u be (-15)/(-6)*10/(-25). Calculate the remainder when 63 is divided by (24/y)/(u + (-42)/(-40)).
15
Suppose 40*b - 15*b = -2250. Calculate the remainder when 38 is divided by (b/24)/((-27)/180).
13
Calculate the remainder when (-4322)/(-6)*(-6)/(-4)*104/52 is divided by 167.
157
Let z(h) = 2*h**2 - 14*h - 62. Let y(d) = -28*d - 83. What is the remainder when y(-9) is divided by z(-5)?
53
Let x(k) = 5 + 6*k + 5 - 5 - 6. Let z = -2 - -5. Calculate the remainder when 27 is divided by x(z).
10
Let t(l) = -4*l**3 - 92*l**2 - l + 41. What is the remainder when 551 is divided by t(-23)?
39
Let a(y) = y**3 - 5*y**2 - 8*y - 2. Suppose 1452 = -6*s + 3*s. Calculate the remainder when (-1 - s/8)/((-2)/(-4)) is divided by a(7).
39
Let t(s) = -11*s**3 + 5*s**2 - 48*s - 280. What is the remainder when t(-4) is divided by 28?
24
Let q(x) = x**2 - 6*x + 7. Let l be q(5). Suppose 26*y = -26*y + 8*y + 2992. Calculate the remainder when y is divided by 12 + (2 + -1)*l.
12
Suppose -123*c - 70*c = 1000 - 6983. Let b(x) be the first derivative of -x**2/2 + 2*x + 2. Calculate the remainder when c is divided by b(-5).
3
Suppose -2*g = -6, 2*x - 74 = 18*g - 22*g. Calculate the remainder when 418 is divided by x.
15
Suppose -2*r = -r - 3*v + 1, v = 5*r - 9. Suppose 4*q = -y + 20, r*q - 20*y - 10 = -15*y. Calculate the remainder when 139 is divided by q.
4
Calculate the remainder when 27 - (-14)/(30 - 16) is divided by 13/65 - 58/(-10).
4
Let m(y) = -y + 7. Let f be m(3). Suppose f*d + 4*r - 20 = d, -r = -2*d + 17. Let u(v) = -2*v + 12. Calculate the remainder when u(-12) is divided by d.
4
Suppose -2*z + 30 = 5*r + z, 0 = 4*r + 4*z - 24. Calculate the remainder when (40/24)/((-21)/(-378)) + -10 is divided by r.
2
Suppose -9 - 66 = 15*j. What is the remainder when 79 is divided by -2 - j/5 - 168/(-6)?
25
Let u = -236 - -240. What is the remainder when u/(-6)*-3*(-28)/(-8) is divided by 6?
1
Let c(l) = 11*l + 265. Let i be c(-22). What is the remainder when 34 is divided by ((-16)/(-2) - 2)*(-21 + i)?
10
Let j(g) = -g**2 - 6*g + 23. Let y = -44 + 37. Let x = 21 + 74. What is the remainder when x is divided by j(y)?
15
Suppose 0 = -16*l - 2*l + 134 + 280. Calculate the remainder when 125 is divided by l.
10
Suppose 0*f - 5*f + 4*l + 91 = 0, 53 = f + 5*l. Let x(c) = 3*c - 29. Calculate the remainder when f is divided by x(15).
7
Suppose -z = 3*d + 946 - 241, -d = 2*z + 1430. Let o = z + 769. Calculate the remainder when 569 is divided by o.
49
Suppose 1381 = 20*y - 599. Calculate the remainder when 755 is divi